 + 34. Let a = v + 3. Let y = a + 26. List the prime factors of y.
2, 5
What are the prime factors of -3*(392/(-21) - -1*2)?
2, 5
Suppose -18*w = -1434 - 1446. List the prime factors of w.
2, 5
Suppose 3*w + 0*w = -228. What are the prime factors of (-12)/8*w/3?
2, 19
Let p = -14 + 4. Let w be p/3*(-36)/5. Let f = -14 + w. What are the prime factors of f?
2, 5
Suppose -4*o = -9*o. Suppose -5*j + 223 + 42 = o. List the prime factors of j.
53
Let w = 9 - 7. Let k(b) = -w*b + 4*b - 9 + 0 + 0. What are the prime factors of k(6)?
3
Let j(p) = -11*p + 2 - 2*p**2 - 1 + 9*p. Let u be j(-3). Let i = 2 - u. What are the prime factors of i?
13
What are the prime factors of -74*4/16*-2?
37
Let t(v) = v**2 + 2*v. Let o be t(-2). Suppose 2*g - 30 = -o*g. List the prime factors of g.
3, 5
Suppose -5*o + 0*o - 4*j = -173, -2*j + 68 = 2*o. List the prime factors of o.
37
Let w = 59 + -23. Let b be (-1 + 6 + -3)*2. Suppose 7*m = b*m + w. List the prime factors of m.
2, 3
Suppose -2*y - 478 = -2*z, 4*z - 1329 = 3*y - 370. List the prime factors of z.
2, 11
Let y(s) = s**3 + 4*s**2 - 2*s + 6. Let u be y(-5). Let v(d) be the first derivative of -d**2 - 13*d - 1. List the prime factors of v(u).
5
Suppose 0 = a + 5*n + 5, 3*a - n - 1 = 8*a. Suppose a = -0*s - 5*s - 5*w + 20, -w = -3*s + 8. Suppose 0 = -s*g + 2*g + 6. What are the prime factors of g?
2, 3
Let t be ((-3)/6)/(3/18). Let q(a) = a**2 - a - 1. List the prime factors of q(t).
11
Let p be -1*8/12*-12. Suppose 13*g - p*g = 15. List the prime factors of g.
3
Let r be (-1 - 5)*6/(-18). Let b be 1 - (-1 - (r - 5)). List the prime factors of 75/12 + b/4.
2, 3
Let p(m) = -m**2 - 4*m + 2. Let g be p(-4). Let a(d) = -d**3 + 2*d**2 + 2*d - 1. What are the prime factors of a(g)?
3
Suppose -4*p = p - 25. Suppose -q + 24 = i, -p*q - 3*i - 76 = -186. Suppose -2*v + q = 7. List the prime factors of v.
2, 3
Let u(t) = t**3 - 5*t**2 - 5*t + 3. Let h be (-8)/6*(-27)/6. Let w be u(h). Let g = 12 - w. List the prime factors of g.
3
List the prime factors of -7 + 117/17 - (-3691)/17.
7, 31
Let n(i) = -4*i**2 - 7*i - i**2 + 22*i + 4 + 4*i**2. Let z(q) = -3*q**2 + 44*q + 11. Let p(x) = -11*n(x) + 4*z(x). What are the prime factors of p(10)?
2, 5
Let h = 30 + 9. List the prime factors of h.
3, 13
Suppose -5*x + 29 = -126. Suppose 0 = 2*w - z - x - 20, -w + 18 = -3*z. What are the prime factors of w?
3
Suppose 2 - 237 = -5*b. What are the prime factors of b?
47
What are the prime factors of ((-15)/6)/((-5)/12)?
2, 3
Suppose -128 = -5*a - 18. What are the prime factors of a + (-4 + 0 - 0)?
2, 3
Let h(n) = -7*n**3 + 2*n**2 + 4. Let c(w) = -6*w**3 + 2*w**2 + 3. Let j(d) = -5*c(d) + 4*h(d). What are the prime factors of j(2)?
3
Let k(b) = 2*b**2 - 4. Suppose -3*u + 4*u - 3*o - 2 = 0, 5*u + o + 22 = 0. What are the prime factors of k(u)?
2, 7
Let h(q) = -q**3 + q**2 - q + 2. What are the prime factors of h(0)?
2
Let v(i) = 76*i**2 - 3*i - 13. What are the prime factors of v(-2)?
3, 11
Let x = -5 - -10. Suppose -3*p - 4*k + 3 = 11, -x*p + k + 25 = 0. Suppose -2*s = -3*c - 36, 0 = p*c + 15 + 1. List the prime factors of s.
2, 3
Suppose 3*h + 0*g - 16 = 2*g, -3*h = 2*g - 20. Suppose h*z = 3*z. What are the prime factors of 1 + 1 + 0 + z?
2
Let n be (-1 - 7)/(1/(-1)). Suppose 5*q - 2*h - n = 0, h = 4*q - 2*h - 12. What are the prime factors of -4 - -6 - (q + 0)?
2
Suppose -h - 2*h + 3 = 0. Suppose 2*i - 31 = -3*n, -2 = 3*i + h. List the prime factors of n.
11
Let l(r) = 2*r - 4. Let a be l(6). Let x(u) = -u**3 + 7*u**2 + 10*u - 8. List the prime factors of x(a).
2
Let l be -3*3*4/(-18). Let o = l + -2. Suppose -2*w - 3*b = -25, o = 2*w + w + 5*b - 38. What are the prime factors of w?
11
Let c(l) = -l**3 + 6*l**2 + 6*l + 9. Let s be c(7). Suppose s*u = 4*y - 2 - 16, 7 = 5*u + 3*y. Let o = 9 + u. What are the prime factors of o?
2
Suppose 5*h = 6*h - 5. What are the prime factors of h?
5
Suppose 3*w - 7 = 2*c, c + 4*w = -4*c - 6. Let i = 6 + c. Suppose -i = -2*r, -3*j = 4*r - r - 33. List the prime factors of j.
3
Suppose 2*k + 3 = k, 2*l = 2*k. Let x(o) = -2*o + 7. Let g be x(6). Let b = l - g. What are the prime factors of b?
2
Suppose -b - 3*b - 28 = 0. Let f be (-110)/b + (-14)/(-49). Suppose -3*a - f = -7*a. What are the prime factors of a?
2
Let t be ((-3)/5)/(5/(-25)). Suppose -2*w + 27 = -3*x, -35 = -2*w - t*x - 2*x. What are the prime factors of w?
3, 5
Suppose -3*y + 393 = -3*r, -2*y - 272 = -4*y - 3*r. List the prime factors of y.
7, 19
Suppose 5*g - 1837 = -87. What are the prime factors of g?
2, 5, 7
Suppose -2*h = -0*h + 44. Let i = -11 - h. What are the prime factors of i?
11
Suppose -30 = 5*t - 565. Let m = t + -63. List the prime factors of m.
2, 11
Suppose -4*h - 72 = -5*w - h, -5*w - 2*h = -77. Let u(d) = 2*d + 4. Let o be u(9). Let g = o - w. What are the prime factors of g?
7
Suppose -2*x + 3*x - 36 = 0. List the prime factors of x.
2, 3
Let b = 12 - 9. What are the prime factors of b?
3
Let p(i) = 15 - 3*i - 3*i + 7*i. List the prime factors of p(0).
3, 5
Let l(y) = y**2 - 4*y + 4. Suppose f + 136 = 5*f. Suppose -f = -5*w - 3*s, -3*w - 1 + 25 = 3*s. What are the prime factors of l(w)?
3
Let p(l) = 2*l - 2. Let x(s) = -s + 1. Let v(n) = -6*p(n) - 13*x(n). List the prime factors of v(4).
3
Let u = 12 + -11. Let z = 6 + u. What are the prime factors of z?
7
Suppose 30 + 56 = q. List the prime factors of q.
2, 43
Suppose 4*n + 89 = -d, -d = 2*n + d + 40. Let h = 46 + n. List the prime factors of h.
23
Let s be 6 + 0 + 1 + -4. Suppose s = -2*v + 45. List the prime factors of v.
3, 7
Let y(x) = -13*x - 1. Suppose 0 = -3*j - 2 - 1. What are the prime factors of y(j)?
2, 3
Let k be (-372)/18 + (-2)/6. Let x = 19 - k. Suppose -4*n + 5*d = -x, 5*d - 3 = 3*n - 33. List the prime factors of n.
2, 5
Let o(m) be the third derivative of m**6/360 - m**5/60 - m**4/24 + 2*m**3/3 - 2*m**2. Let g(l) be the first derivative of o(l). List the prime factors of g(5).
2, 7
List the prime factors of (1/(-4)*53)/((-7)/28).
53
Suppose 2*p - 9 = -n, -4 = -3*n - 3*p + 17. Suppose 5*t + 4 = z, -3*t + 2 = -0*t - n*z. List the prime factors of (t/(-1))/(2/20).
2, 5
Let a be ((-8)/(-6))/((-6)/(-27)). Suppose 0*c = -a*c + 210. What are the prime factors of c?
5, 7
What are the prime factors of (-2 + 3)*-1 - -30?
29
Suppose 0*y - y + d + 47 = 0, -5*d = 5*y - 285. List the prime factors of y.
2, 13
Let x = -17 + 20. Suppose -2*a = -x*z + 93, 2*a = -2*z - 0*a + 52. What are the prime factors of z?
29
Let a(h) = h**2 + 3 - 1 - 3 - 5*h. Let r be a(4). What are the prime factors of (-28)/r - 2/(-5)?
2, 3
Let d = -112 + 194. List the prime factors of d.
2, 41
Let y = -54 + 166. List the prime factors of y.
2, 7
Suppose 3*l - 4 + 10 = 0. Let q(t) = -2*t**3 + t**2 + 4*t + 3. What are the prime factors of q(l)?
3, 5
Let m = -5 - -5. Suppose 0 = z - m*z - 2. What are the prime factors of z?
2
Let r(t) = 4*t - 13. Let x be r(9). Let o = x - 9. What are the prime factors of o?
2, 7
Let o(d) = d**2 + 4*d - 2. Let b = -6 + 10. Suppose -x = 5*k - 0*k + 1, 4*k = -b*x - 20. What are the prime factors of o(x)?
2, 5
Let r(y) = y**3 - 11*y**2 + 12*y + 8. List the prime factors of r(10).
2, 7
Let k = 146 - 82. What are the prime factors of k?
2
List the prime factors of ((-10)/(-15) - 1965/(-9)) + -4.
5, 43
Suppose -2*f - 8 = 0, -3*s + 7*f + 35 = 2*f. Suppose -101 + 16 = -s*t. What are the prime factors of t?
17
Suppose 0 = 4*v - 0*v + 4*a + 64, -66 = 5*v - 2*a. Let q = 45 + v. List the prime factors of q.
31
Suppose 0 = -0*l - l - 11. Let n = 16 + l. What are the prime factors of n?
5
Let c be (-5)/2*(-10 + -2). Suppose 7*p = 2*k + 4*p, 5*k - 25 = -5*p. Suppose k*q - c = -2*q. What are the prime factors of q?
2, 3
Suppose 0 = 4*g - 2*g - 12. Let t(d) = 20*d**2 + 2*d + 17. Let w(c) = 7*c**2 + c + 6. Let r(b) = 6*t(b) - 17*w(b). List the prime factors of r(g).
2, 3
Suppose 4*d - d + 4*i + 29 = 0, -3*i = d + 18. Let h be (d + 1)/(1/(-13)). Suppose 3*v - 41 = -2*l, 2*v + l - h = -0*l. List the prime factors of v.
11
Suppose 4*f - 3*t - 194 = 0, 3*t + 21 - 109 = -2*f. What are the prime factors of f?
47
Suppose c - 19 = -3. List the prime factors of c.
2
Suppose -5*l = -0*l + s + 5, -s - 5 = -l. Suppose l = -x - 3*x + 64. Suppose x = 5*r - 9. What are the prime factors of r?